{"id":471,"date":"2018-11-13T00:14:33","date_gmt":"2018-11-12T21:14:33","guid":{"rendered":"http:\/\/localhost\/deneme\/en\/wp-content\/uploads\/2018\/11\/2015-d\u00fcnya-\u015farap-\u00fcretim-e1542058140668.png"},"modified":"2018-11-13T00:14:33","modified_gmt":"2018-11-12T21:14:33","slug":"2015-dunya-sarap-uretim","status":"inherit","type":"attachment","link":"https:\/\/www.foodlifeculture.com\/en\/2015-dunya-sarap-uretim\/","title":{"rendered":"2015 d\u00fcnya \u015farap \u00fcretim"},"author":1,"comment_status":"open","ping_status":"closed","template":"","meta":{"amp_status":""},"description":{"rendered":"<p class=\"attachment\"><a href='https:\/\/www.foodlifeculture.com\/en\/wp-content\/uploads\/2018\/11\/2015-d\u00fcnya-\u015farap-\u00fcretim-e1542058140668.png'><img width=\"300\" height=\"120\" src=\"https:\/\/www.foodlifeculture.com\/en\/wp-content\/uploads\/2018\/11\/2015-d\u00fcnya-\u015farap-\u00fcretim-e1542058140668-300x120.png\" class=\"attachment-medium size-medium\" alt=\"\" decoding=\"async\" loading=\"lazy\" srcset=\"https:\/\/www.foodlifeculture.com\/en\/wp-content\/uploads\/2018\/11\/2015-d\u00fcnya-\u015farap-\u00fcretim-e1542058140668-300x120.png 300w, https:\/\/www.foodlifeculture.com\/en\/wp-content\/uploads\/2018\/11\/2015-d\u00fcnya-\u015farap-\u00fcretim-e1542058140668.png 500w\" sizes=\"(max-width: 300px) 100vw, 300px\" \/><\/a><\/p>\n"},"caption":{"rendered":""},"alt_text":"","media_type":"image","mime_type":"image\/png","media_details":{"width":500,"height":200,"file":"2018\/11\/2015-d\u00fcnya-\u015farap-\u00fcretim-e1542058140668.png","sizes":{"medium":{"file":"2015-d\u00fcnya-\u015farap-\u00fcretim-e1542058140668-300x120.png","width":300,"height":120,"mime_type":"image\/png","source_url":"https:\/\/www.foodlifeculture.com\/en\/wp-content\/uploads\/2018\/11\/2015-d\u00fcnya-\u015farap-\u00fcretim-e1542058140668-300x120.png"},"thumbnail":{"file":"2015-d\u00fcnya-\u015farap-\u00fcretim-e1542058140668-150x150.png","width":150,"height":150,"mime_type":"image\/png","source_url":"https:\/\/www.foodlifeculture.com\/en\/wp-content\/uploads\/2018\/11\/2015-d\u00fcnya-\u015farap-\u00fcretim-e1542058140668-150x150.png"},"full":{"file":"2015-d\u00fcnya-\u015farap-\u00fcretim-e1542058140668.png","width":500,"height":200,"mime_type":"image\/png","source_url":"https:\/\/www.foodlifeculture.com\/en\/wp-content\/uploads\/2018\/11\/2015-d\u00fcnya-\u015farap-\u00fcretim-e1542058140668.png"}},"image_meta":{"aperture":"0","credit":"","camera":"","caption":"","created_timestamp":"0","copyright":"","focal_length":"0","iso":"0","shutter_speed":"0","title":"","orientation":"0","keywords":[]}},"post":null,"source_url":"https:\/\/www.foodlifeculture.com\/en\/wp-content\/uploads\/2018\/11\/2015-d\u00fcnya-\u015farap-\u00fcretim-e1542058140668.png","_links":{"self":[{"href":"https:\/\/www.foodlifeculture.com\/en\/wp-json\/wp\/v2\/media\/471"}],"collection":[{"href":"https:\/\/www.foodlifeculture.com\/en\/wp-json\/wp\/v2\/media"}],"about":[{"href":"https:\/\/www.foodlifeculture.com\/en\/wp-json\/wp\/v2\/types\/attachment"}],"author":[{"embeddable":true,"href":"https:\/\/www.foodlifeculture.com\/en\/wp-json\/wp\/v2\/users\/1"}],"replies":[{"embeddable":true,"href":"https:\/\/www.foodlifeculture.com\/en\/wp-json\/wp\/v2\/comments?post=471"}]}}

http://localhost/deneme/en/wp-content/uploads/2018/11/2015-dünya-şarap-üretim-e1542058140668.png

2015 dünya şarap üretim

<p class="attachment"><a href='https://www.foodlifeculture.com/en/wp-content/uploads/2018/11/2015-dünya-şarap-üretim-e1542058140668.png'><img width="300" height="120" src="https://www.foodlifeculture.com/en/wp-content/uploads/2018/11/2015-dünya-şarap-üretim-e1542058140668-300x120.png" class="attachment-medium size-medium" alt="" decoding="async" loading="lazy" srcset="https://www.foodlifeculture.com/en/wp-content/uploads/2018/11/2015-dünya-şarap-üretim-e1542058140668-300x120.png 300w, https://www.foodlifeculture.com/en/wp-content/uploads/2018/11/2015-dünya-şarap-üretim-e1542058140668.png 500w" sizes="(max-width: 300px) 100vw, 300px" /></a></p>

2018/11/2015-dünya-şarap-üretim-e1542058140668.png

2015-dünya-şarap-üretim-e1542058140668-300x120.png

https://www.foodlifeculture.com/en/wp-content/uploads/2018/11/2015-dünya-şarap-üretim-e1542058140668-300x120.png

2015-dünya-şarap-üretim-e1542058140668-150x150.png

https://www.foodlifeculture.com/en/wp-content/uploads/2018/11/2015-dünya-şarap-üretim-e1542058140668-150x150.png

2015-dünya-şarap-üretim-e1542058140668.png

https://www.foodlifeculture.com/en/wp-content/uploads/2018/11/2015-dünya-şarap-üretim-e1542058140668.png
